*o - 4 = 0. Let h be 3*(o + -3)/(-3). List the prime factors of 11 + h + (3 - 1).
2, 3
Suppose 0 = -73*v + 78*v - 1610. List the prime factors of v.
2, 7, 23
Let w(a) = -2*a**3 + 17*a**2 + 3*a - 11. What are the prime factors of w(7)?
157
Let l = 460 - 326. What are the prime factors of l?
2, 67
Let b = -42 + 30. Let q = b + 20. Suppose 0 = -4*r - i - 2 + 34, -q = -r + 2*i. List the prime factors of r.
2
Suppose 0 = -4*c + 2*n + 76, -c - 2*c + 59 = -2*n. Let u = 11 - 2. Let p = c - u. List the prime factors of p.
2
Let c(g) = g**2 - 7*g + 12. Suppose -5*o + 3*z - 6*z = -34, -5*z = -o + 18. List the prime factors of c(o).
2, 5
Suppose i - 2*a = -i + 48, 0 = -2*i - 5*a + 83. What are the prime factors of i?
29
Let u = -21 + 13. Let p = -13 - u. Let j = p - -8. List the prime factors of j.
3
Let y(l) be the third derivative of -1/24*l**4 + 0 + 0*l - 2*l**2 - 1/3*l**3. What are the prime factors of y(-8)?
2, 3
Suppose 3*c = 104 + 22. List the prime factors of c.
2, 3, 7
Let w(n) = -n**2 + 13*n - 14. Let s be w(12). Let r(x) = -4*x**3 - 3*x**2 - x + 1. What are the prime factors of r(s)?
23
Let q(y) be the third derivative of -y**4/12 - y**3/3 - 2*y**2. What are the prime factors of q(-3)?
2
Let q(n) = n - 1. Let k be q(4). Suppose -4*g + 28 = -4*m, -g = -k*m - 0*m - 9. List the prime factors of g.
2, 3
Suppose 5*h - 5 = 0, u - 4*h = 5*u - 40. List the prime factors of 0 + 2 + 1 + u.
2, 3
Let g = 3 - 1. Suppose -g*b - 25 = -7*b. What are the prime factors of b?
5
Suppose 4*q + 5*k - 64 = 0, 3 = 3*q - 2*q - 2*k. Let p = -7 + q. List the prime factors of p.
2
Let w(n) = -9*n - 17. Let o be w(-7). Let k = -10 + o. List the prime factors of k.
2, 3
Suppose -2*p = -p + 4. Suppose z = 3*z. Let d = z - p. List the prime factors of d.
2
Let s = -111 + 151. List the prime factors of s.
2, 5
Let l = 38 - 11. List the prime factors of l.
3
Let r be (-10)/(-15)*(-3)/(-2). Let q be 1/r + 18/6. Suppose 0 = v - 3*z - 12, -q*v = v + 2*z - 9. List the prime factors of v.
3
Let v = 5 + 131. What are the prime factors of v?
2, 17
Suppose 0 = -3*g + 12, -g - 12 - 46 = -h. List the prime factors of h.
2, 31
Let g(u) = u - 1. Let v be g(-1). Suppose 2*j + 2 = 6. What are the prime factors of (20/2 + v)/j?
2
Suppose 5*f = 1 + 9. Suppose 4 = -2*v - 2*y, 2*v + 3*y + f = -1. List the prime factors of (-1 - (-2 - v))*-5.
2, 5
Let y = -4 + 7. Suppose -y*k + 36 = k. List the prime factors of k.
3
Let x = 251 - 130. What are the prime factors of x?
11
Let l = 17 + -10. Suppose 3*q - 2*n = 2*n + 5, 5*n + l = 4*q. List the prime factors of q.
3
Let o(r) = 2*r - 1. Suppose 5*h - 6 = -41. Let u(k) = 4*k - 3. Let x(v) = h*o(v) + 4*u(v). List the prime factors of x(4).
3
Let o be (-4)/(-30) + (-28)/(-15). Suppose o*g = 39 + 3. List the prime factors of g.
3, 7
Suppose -r - c = -31, -4*c + 0 = 12. List the prime factors of r.
2, 17
Let x(a) = -10*a - a**2 + 0 - 5 + 0. What are the prime factors of x(-8)?
11
Let g(c) = 7*c**2 + 4*c - 10. What are the prime factors of g(4)?
2, 59
Let y be ((-2)/(-5))/(2/10). Suppose 0 = -0*m - 2*m - y. List the prime factors of 2*m*-1 + 5.
7
Let f = -285 + 425. List the prime factors of f.
2, 5, 7
Let i = 446 - 273. Suppose -i = -4*y - 13. Let n = y - 23. What are the prime factors of n?
17
What are the prime factors of (1575/(-10))/9*-2?
5, 7
Let p(l) = l**2 + 6. Let d be p(0). Let t(h) be the third derivative of h**6/120 - h**5/10 + h**4/24 + h**3/6 - h**2. List the prime factors of t(d).
7
Suppose -3*k - 2*v = -172, 2*k - 3*k - 4*v = -44. List the prime factors of k.
2, 3, 5
What are the prime factors of -2*(-4)/(-20) + (-142)/(-5)?
2, 7
Suppose -2 = -0*i - 2*i. Let p = 8 + i. List the prime factors of p.
3
Suppose 3*u - 6 + 30 = 3*q, 5*q - 19 = -2*u. Suppose 2*h + 69 = -q*f + 4*h, 0 = f + 4*h + 27. Let a = 22 + f. List the prime factors of a.
7
Suppose 1244 = 5*k + 2*a, -2*k + 4*a + 228 = -284. List the prime factors of k.
2, 5
Let o(c) = -c**3 + 5*c**2 - 3*c + 1. Let h be o(3). Let u be (0 + 3)/(-3)*-5. Suppose -u*x = 4*g - 30, 3*g = 5*x + h - 5. List the prime factors of g.
5
Suppose 2*q - 3 - 3 = 0. Suppose -7 = -4*y - 5*k, q*k = 2*y - 3*y. What are the prime factors of y?
3
Let x be (-4)/(-14) - 276/(-14). What are the prime factors of x + (-1 - 0/(-2))?
19
List the prime factors of ((-2)/(-3))/((-14)/(-231)).
11
Suppose 0 = i - 2. Let r(c) = -c**2 - 9*c + 4. Let g be r(-9). Suppose 2*y - g*z - 36 = 0, -4*z = i + 2. List the prime factors of y.
2
Let c(k) = -k**2 - k - 1. Let b be c(-1). List the prime factors of (-2 - b)*350/(-10).
5, 7
Let v = 9 + 57. What are the prime factors of v?
2, 3, 11
Let w be 16/(-48) + (-64)/6. Let u(d) be the third derivative of -d**4/24 + 2*d**3/3 - d**2. What are the prime factors of u(w)?
3, 5
Suppose -5*y - 11 + 71 = 0. Suppose -y - 8 = -4*h. Suppose 3 = b + f, 4*b - 3 = 3*b - h*f. List the prime factors of b.
3
Let k be -1 - -1 - (-1 - 0). Suppose -f - 6 = -4, -j = 3*f + k. List the prime factors of j/(-10) - 82/(-4).
2, 5
Let p(z) = -z**3 - 12*z**2 - 14*z + 11. Let v be p(-11). Suppose 0 = 4*l + 3*h - v, l - 4*h = -0*l + 30. What are the prime factors of l?
2, 7
Let m be 14 + -2 + 3/1. Suppose 3*s + 33 = 3*k + k, -m = 5*k. What are the prime factors of ((-10)/s)/((-4)/(-78))?
13
Let y be (-44)/7 - 2/(-7). List the prime factors of (-46)/y - (-3)/9.
2
Suppose 0 = -l + 4. Suppose -2*a + 42 = -l. List the prime factors of a.
23
Suppose -3*x - l + 127 = 2*x, -4*x = l - 102. List the prime factors of x.
5
Let a = 4 + -3. Let j = 10 - a. List the prime factors of 15 + 3*(-6)/j.
13
Let s(j) = -j**2 - 8*j + 5. Let p = -9 - -4. List the prime factors of s(p).
2, 5
Let d(p) = -p + 2. Let b be d(0). Suppose b*m - 100 = -4*g, -127 = -2*m + 6*g - g. List the prime factors of m.
2, 7
Let o(m) = 21*m + 7. What are the prime factors of o(6)?
7, 19
Let r(w) = -171*w**3 - 2*w**2 + 3*w + 4. What are the prime factors of r(-1)?
2, 5, 17
Let u be 0*1/(-3) + 0. Let w be (-1 + u + 2)*-1. What are the prime factors of (11*w)/(0 + -1)?
11
Let z(b) = -b**3 - 10*b**2 - 8*b + 7. Let l be z(-9). What are the prime factors of (l + -3 - -2)*-4?
2, 3
Let p be 6 + -1*(-2)/(-2). Suppose 0*y + p = 3*z - y, -z - 1 = -3*y. Suppose v = z*v - 5. What are the prime factors of v?
5
Let z(p) = p**2 - 2*p - 6. List the prime factors of z(5).
3
Let l(c) = 2*c + 4. Let s be l(-2). Suppose -7*o = -2*o + 2*p - 107, s = -5*p + 5. What are the prime factors of o?
3, 7
Let n = -3 + -6. Suppose -p = -3*p - 5*m + 55, -40 = -4*p + 4*m. Let u = n + p. What are the prime factors of u?
2, 3
Suppose -359 - 81 = -4*d. List the prime factors of d.
2, 5, 11
Let h(s) = -20*s + 1. Let i be h(-1). Let d be 69/i - (-4)/(-14). Suppose -5*w = a - 33, a - d*a + 6 = 0. What are the prime factors of w?
2, 3
Let b(u) = -u**2 + u + 2. Let t be b(4). Let a = 37 + t. List the prime factors of a.
3
Let s be 1/((-5)/(-2) - 2). Let v be s + -3 + 2*1. Suppose 5*b + v = -2*a, -2*a = -0*b - 4*b - 44. What are the prime factors of a?
2, 3
Suppose 0*j = -4*j + 52. Let v = j + 14. What are the prime factors of v?
3
Let y(q) = 2*q**2 - 4*q + 5. Let n be y(-4). Suppose 2*g = -3*g - k + n, -2*g + k + 24 = 0. List the prime factors of g.
11
Let f(q) = q**2 - q - 1. Let o(z) = -z - 1. Let j(m) = f(m) - o(m). Let t be j(-5). Suppose 2*k + 4*n = -k + t, -17 = -3*k + 4*n. List the prime factors of k.
7
Let z(k) = k**3 - 3*k**2 - 3*k - 8. What are the prime factors of z(5)?
3
Let j(k) = -2*k - 1 + 1 - 3*k. What are the prime factors of j(-3)?
3, 5
Let c(a) = a**3 - a**2 - 5*a + 5. Let l be c(5). Suppose -w = 3*w - l. List the prime factors of w.
2, 5
Let g = -4 + 6. Suppose 0 = -g*p + 49 + 3. What are the prime factors of p?
2, 13
Let u(i) = i**3 - i**2 - 16. Let p be u(0). Suppose 5*b - 2*o - 124 = 0, 3*b + 23 = 2*o + 95. Let w = b + p. What are the prime factors of w?
2, 5
Let a(m) = 3*m**2 + 2*m - 6. Let l be a(2). Suppose -5*g + 5*y = -10, -2*y + y + 10 = 5*g. Let u = g + l. List the prime factors of u.
2, 3
Suppose -3*o + 0*o = -12. Suppose 3*q - o*c - 24 = -c, 3*q + 4*c = 3. Suppose -38 = -3*b - q. List the prime factors of b.
11
Suppose 3*i - 8*i = -5. Suppose -x - q - i = -10, -2*q = x - 5. What are the prime factors of x?
13
Suppose -8 = -0*p - 4*p. Suppose -y + 61 = 5*g, -3*y - p*g + 